ainder when 5210977 is divided by 1597.
1563
Calculate the remainder when 5607877 is divided by 1401961.
33
Calculate the remainder when 420820 is divided by 26101.
3204
What is the remainder when 208507252 is divided by 104253623?
6
Calculate the remainder when 380848 is divided by 943.
819
What is the remainder when 544514 is divided by 68064?
2
What is the remainder when 260758 is divided by 1545?
1198
What is the remainder when 290179 is divided by 57884?
759
What is the remainder when 288814291 is divided by 1367?
1366
Calculate the remainder when 6193754 is divided by 5927.
39
Calculate the remainder when 1203656 is divided by 1573.
311
What is the remainder when 2436581 is divided by 30?
11
Calculate the remainder when 125534022 is divided by 15.
12
What is the remainder when 4228523 is divided by 1079?
1001
What is the remainder when 4541722 is divided by 54?
52
Calculate the remainder when 614873 is divided by 12548.
21
What is the remainder when 220011 is divided by 14623?
666
Calculate the remainder when 2340607 is divided by 585151.
3
Calculate the remainder when 148922147 is divided by 416.
387
Calculate the remainder when 785367 is divided by 1172.
127
What is the remainder when 1369172 is divided by 394?
22
What is the remainder when 7703999 is divided by 1925999?
3
What is the remainder when 1230205 is divided by 50?
5
What is the remainder when 213405 is divided by 11832?
429
What is the remainder when 18675319 is divided by 1213?
1184
What is the remainder when 73890799 is divided by 114029?
7
What is the remainder when 44179781 is divided by 34?
11
What is the remainder when 190336 is divided by 189874?
462
Calculate the remainder when 206641886 is divided by 103320942.
2
What is the remainder when 110917 is divided by 2917?
71
What is the remainder when 182113 is divided by 169?
100
Calculate the remainder when 18735 is divided by 2449.
1592
What is the remainder when 2535215 is divided by 1390?
1245
What is the remainder when 17287770 is divided by 641?
0
What is the remainder when 153158 is divided by 76569?
20
Calculate the remainder when 2019 is divided by 593.
240
What is the remainder when 53039486 is divided by 58?
52
What is the remainder when 148772 is divided by 205?
147
Calculate the remainder when 704319 is divided by 3891.
48
What is the remainder when 6637434 is divided by 182?
76
What is the remainder when 131900588 is divided by 942147?
8
Calculate the remainder when 16827795 is divided by 8413896.
3
What is the remainder when 164012 is divided by 175?
37
What is the remainder when 4120261 is divided by 668?
37
Calculate the remainder when 722512 is divided by 139.
129
Calculate the remainder when 11098593 is divided by 5549292.
9
Calculate the remainder when 45615 is divided by 9002.
605
Calculate the remainder when 1089073 is divided by 57.
31
What is the remainder when 99837 is divided by 414?
63
What is the remainder when 904508 is divided by 23188?
176
What is the remainder when 54604 is divided by 4?
0
Calculate the remainder when 250198 is divided by 10361.
1534
What is the remainder when 22702990 is divided by 48?
46
Calculate the remainder when 138483 is divided by 68849.
785
Calculate the remainder when 471032 is divided by 597.
596
Calculate the remainder when 24588 is divided by 889.
585
Calculate the remainder when 182193 is divided by 20031.
1914
What is the remainder when 80801 is divided by 4840?
3361
Calculate the remainder when 131974204 is divided by 42.
40
Calculate the remainder when 2330156 is divided by 43151.
2
What is the remainder when 247593 is divided by 61861?
149
Calculate the remainder when 457827 is divided by 38062.
1083
What is the remainder when 54877680 is divided by 2686?
14
Calculate the remainder when 135404 is divided by 1693.
1657
What is the remainder when 588520 is divided by 701?
381
What is the remainder when 109173934 is divided by 1668?
1666
What is the remainder when 757976 is divided by 440?
296
Calculate the remainder when 4620139 is divided by 81.
61
What is the remainder when 5157079 is divided by 573003?
52
What is the remainder when 148689 is divided by 74149?
391
What is the remainder when 382066 is divided by 352?
146
What is the remainder when 25751354 is divided by 12875670?
14
What is the remainder when 1752488 is divided by 12?
8
Calculate the remainder when 207461 is divided by 9974.
7981
What is the remainder when 689621 is divided by 2936?
2597
What is the remainder when 19617280 is divided by 80?
0
What is the remainder when 2450546 is divided by 111388?
10
What is the remainder when 296174 is divided by 2334?
2090
What is the remainder when 179833 is divided by 19?
17
Calculate the remainder when 123686 is divided by 8834.
10
What is the remainder when 5410078 is divided by 85?
83
What is the remainder when 455588 is divided by 53?
0
What is the remainder when 14621974 is divided by 749?
745
Calculate the remainder when 105414 is divided by 9.
6
What is the remainder when 2562950 is divided by 73?
66
What is the remainder when 178533 is divided by 6607?
144
What is the remainder when 6811 is divided by 1062?
439
What is the remainder when 450157 is divided by 3051?
1660
What is the remainder when 849241 is divided by 3?
1
What is the remainder when 100305 is divided by 1677?
1362
Calculate the remainder when 42833787 is divided by 40.
27
Calculate the remainder when 1655637 is divided by 29.
27
What is the remainder when 11410 is divided by 431?
204
What is the remainder when 593955 is divided by 553?
33
Calculate the remainder when 114159 is divided by 18931.
573
Calculate the remainder when 11895 is divided by 3581.
1152
Calculate the remainder when 132723 is divided by 328.
211
What is the remainder when 153796 is divided by 14938?
4416
What is the remainder when 24860 is divided by 3559?
3506
Calculate the remainder when 203930 is divided by 201047.
2883
What is the remainder when 191703 is divided by 19170?
3
Calculate the remainder when 151811 is divided by 3200.
1411
What is the remainder when 1817411 is divided by 68?
43
What is the remainder when 85652 is divided by 1365?
1022
What is the remainder when 453274 is divided by 36?
34
What is the remainder when 1238336 is divided by 3050?
36
What is the remainder when 282343 is divided by 809?
2
What is the remainder when 1751264 is divided by 6866?
434
What is the remainder when 36023 is divided by 3440?
1623
What is the remainder when 9240067 is divided by 1190?
907
Calculate the remainder when 79519097 is divided by 16.
9
Calculate the remainder when 1672100 is divided by 836044.
12
What is the remainder when 493115 is divided by 1021?
993
Calculate the remainder when 39985905 is divided by 3332158.
9
What is the remainder when 200518351 is divided by 4977?
4975
What is the remainder when 535449 is divided by 178222?
783
Calculate the remainder when 17217050 is divided by 2326.
2324
What is the remainder when 14516992 is divided by 24?
16
Calculate the remainder when 2979465 is divided by 141879.
6
Calculate the remainder when 3055379 is divided by 4952.
4947
What is the remainder when 1521772 is divided by 16?
12
What is the remainder when 746814890 is divided by 453?
449
What is the remainder when 688354 is divided by 1270?
14
What is the remainder when 473482 is divided by 1125?
982
What is the remainder when 2066599 is divided by 187872?
7
Calculate the remainder when 1724758 is divided by 2429.
168
Calculate the remainder when 325544 is divided by 105227.
9863
Calculate the remainder when 538360 is divided by 1326.
4
Calculate the remainder when 1921661 is divided by 58231.
38
Calculate the remainder when 143247 is divided by 657.
21
What is the remainder when 5643975 is divided by 334?
43
Calculate the remainder when 15902736 is divided by 18.
6
Calculate the remainder when 1607059 is divided by 4.
3
Calculate the remainder when 6528708 is divided by 14.
4
What is the remainder when 13577564 is divided by 1514?
12
What is the remainder when 2007958 is divided by 22?
18
What is the remainder when 44706251 is divided by 22?
7
What is the remainder when 2714236 is divided by 627?
580
Calculate the remainder when 7209355 is divided by 1802336.
11
Calculate the remainder when 6701